 = -28*a**2 + a. Determine r(1).
-27
Let m(x) = -9*x**3 - x**2 + 1. Give m(-1).
9
Let o(s) = s**3 + 8*s**2 + 2*s + 12. Calculate o(-8).
-4
Let p(f) = -f**3 + 10*f**2 - 10*f + 1. Determine p(9).
-8
Let r(l) = -6*l + 17. Determine r(-5).
47
Let o(z) = z**3 - 4*z**2 + 2*z - 1. Determine o(4).
7
Let n(d) = -10*d + 117. Calculate n(11).
7
Let g(d) = -d**2 - 21*d - 39. Calculate g(-19).
-1
Let s(d) = 7*d**2 - 5*d + 4. Give s(2).
22
Let z(c) = -c**3 - 14*c**2 - 6*c - 3. Calculate z(-13).
-94
Let h(s) = s**3 + 6*s**2 + 8*s + 33. Determine h(-6).
-15
Let w(j) = -71*j - 284. Give w(-4).
0
Let v(y) = y**3 + 6*y**2 + 5*y. Calculate v(-5).
0
Let c(d) = d**3 - 12*d**2 + 31*d - 22. Calculate c(9).
14
Let q(w) = w**2 - 2*w - 2. Give q(-2).
6
Let f(j) = 4*j - 34. Give f(-14).
-90
Let r(g) = g**3 + 25*g**2 - 26*g + 10. Calculate r(-26).
10
Let q(i) = -7*i**3 - 2*i**2 - 6*i - 3. What is q(-2)?
57
Let w(t) = t - 5. Give w(-4).
-9
Let t(i) = -i. What is t(-2)?
2
Let t(d) = -d**3 - 13*d**2 - 14*d + 5. Calculate t(-12).
29
Let n(f) = -24*f - 136. Calculate n(-6).
8
Let a(d) = 11*d**2 - 26*d - 27. Determine a(-1).
10
Let t(w) = 2*w**2 - w + 6. Determine t(5).
51
Let f(a) = a**3 - a**2 + a + 25. What is f(0)?
25
Let n(h) = -h**2 - 14*h + 12. Determine n(-14).
12
Let n(i) = -2*i**2 - i + 2. Calculate n(1).
-1
Let h(x) = -x**3 - 2*x**2 - 4*x - 3. What is h(-2)?
5
Let g(m) = 6*m - 40. Give g(-5).
-70
Let n(v) = -v**2 + 8*v - 23. Determine n(6).
-11
Let i(g) = -g**2 + 5*g - 12. Calculate i(6).
-18
Let a(n) = -38*n - 494. Give a(-13).
0
Let z(r) = r**3 - 3*r - 2. Give z(-4).
-54
Let n(t) = t**2 - t + 9. Give n(0).
9
Let x(n) = -n**3 + 2*n**2 + 33*n - 13. Determine x(-5).
-3
Let r(o) = o**3 + 2*o**2 - o + 33. Determine r(0).
33
Let t(n) = -91*n - 11. Calculate t(0).
-11
Let z(b) = -b**2 + 6*b. Calculate z(5).
5
Let d(a) = a**2 - 19*a + 44. Determine d(16).
-4
Let l(d) = d**3 + 11*d**2 + 11*d - 12. Determine l(-10).
-22
Let q(r) = 7*r + 8. Give q(2).
22
Let h(o) = 7*o**2 + 2*o + 1. Determine h(-2).
25
Let o(r) = 2*r**3 + 28*r**2 + 25*r - 18. Calculate o(-13).
-5
Let q(s) = s**3 + 5*s**2 - 5*s - 9. Calculate q(-6).
-15
Let w(n) = -n**2 - 3*n + 6. Calculate w(4).
-22
Let t(v) = -v**3 + 11*v**2 - 19*v + 1. Calculate t(9).
-8
Let w(q) = -q**3 + 8*q**2 - 5*q + 3. Calculate w(6).
45
Let h(m) = m**2 - 12*m - 69. Calculate h(-5).
16
Let d(o) = -o**3 + 15*o**2 - 15*o + 11. Calculate d(14).
-3
Let o(w) = -38*w**3 - w**2. Give o(1).
-39
Let f(m) = -4*m**2 + 5*m - 2. Give f(4).
-46
Let j(f) = -f**3 - 5*f**2 + 2*f. Determine j(-5).
-10
Let z(g) = 9*g + 93. Give z(-11).
-6
Let x(a) = a**3 + 6*a**2 - 22. Give x(-3).
5
Let p(l) = 2*l**2 + 9*l + 14. What is p(-3)?
5
Let m(d) = -d**2 + 10*d - 38. Determine m(7).
-17
Let d(g) = -4*g - 17. Calculate d(-12).
31
Let o(z) = z**2 + 3*z + 3. Determine o(-1).
1
Let b(s) = -s + 5. What is b(3)?
2
Let u(s) = -s**3 + 3*s**2 + 111. Determine u(0).
111
Let a(z) = 12*z - 19. Calculate a(-3).
-55
Let b(r) = -5*r - 20. What is b(-4)?
0
Let m(h) = h**3 - 5*h**2 + 5*h - 2. Determine m(4).
2
Let u(o) = -19*o - 40. Give u(-6).
74
Let s(u) = 5*u**3 + u**2 - u. Determine s(1).
5
Let q(d) = -d - 10. Give q(-12).
2
Let w(l) = -l**2 + 16*l - 19. What is w(15)?
-4
Let j(d) = d**3 + d**2 - 6*d - 6. Give j(-4).
-30
Let j(p) = p**3 - 12*p**2 - 3*p - 26. Determine j(12).
-62
Let a(f) = -2*f**3 - 2*f**2 + 2*f + 10. Calculate a(-2).
14
Let z(l) = -4*l - 29. What is z(-15)?
31
Let n(j) = -9*j + 2. Calculate n(1).
-7
Let l(r) = 2*r**2 + 4*r + 1. Determine l(-3).
7
Let t(c) = c**2 - 4*c - 7. What is t(4)?
-7
Let x(z) = 6*z - 4. Determine x(4).
20
Let p(s) = 3*s**2 + 8*s - 3. Calculate p(-2).
-7
Let m(b) = b - 71. What is m(67)?
-4
Let n(k) = k**2 + 8*k - 26. Determine n(-11).
7
Let u(b) = -b**2 + 11*b + 25. What is u(13)?
-1
Let o(b) = b**2 + 15*b + 8. Calculate o(-14).
-6
Let c(m) = -m**2 - 7*m - 3. Give c(-10).
-33
Let u(r) = -3*r - 6. Calculate u(-3).
3
Let f(b) = 17*b - 93. Give f(5).
-8
Let a(t) = 3*t**2 + 10*t. Calculate a(-4).
8
Let z(w) = -w**3 - 5*w**2 - 3*w - 1. Calculate z(-4).
-5
Let z(o) = -o**2 + 18*o + 69. Calculate z(21).
6
Let d(s) = -4*s - 3. Give d(-10).
37
Let i(k) = -5*k - 9. Give i(5).
-34
Let s(f) = 4*f + 40. Give s(-11).
-4
Let b(i) = -5*i + 14. Give b(-5).
39
Let n(t) = -148*t - 441. Calculate n(-3).
3
Let i(t) = -t**3 + 11*t**2 - 10*t + 7. Give i(5).
107
Let y(z) = -z - 15. Determine y(-14).
-1
Let k(r) = 34*r + 3. What is k(2)?
71
Let f(k) = 3*k + 37. Calculate f(-14).
-5
Let b(h) = -h**2 + 16*h - 2. Calculate b(16).
-2
Let o(j) = 3*j + 1. Give o(-6).
-17
Let y(m) = m + 2. What is y(-2)?
0
Let f(c) = 18*c - 1. Calculate f(-1).
-19
Let r(g) = g**3 - 10*g**2 + 17*g + 4. Give r(8).
12
Let n(x) = x**3 + 4*x**2 + x - 6. Determine n(-3).
0
Let o(a) = a**3 + 10*a**2 + 21*a + 30. Give o(-8).
-10
Let z(l) = l + 18. Determine z(-10).
8
Let u(h) = -21*h**2 - h + 3. Give u(1).
-19
Let a(f) = f**2 - 8*f + 23. Calculate a(7).
16
Let l(d) = d**2 - 10*d - 4. Determine l(12).
20
Let y(f) = -6*f - 15. Determine y(-6).
21
Let z(b) = -2*b**2 - 3*b - 1. Calculate z(-1).
0
Let t(f) = f**3 - 9*f**2 + 7*f + 12. Calculate t(6).
-54
Let s(t) = 13*t**2 + 3*t + 2. Give s(-1).
12
Let h(z) = z**3 - 17*z**2 + 27*z + 37. Give h(15).
-8
Let k(c) = 45*c**2 + c. What is k(-1)?
44
Let b(y) = -y**3 + 4*y - 3. What is b(2)?
-3
Let z(a) = -44*a + 5. What is z(-2)?
93
Let a(w) = w**2 + 9*w - 2. What is a(-9)?
-2
Let j(w) = 26*w**2 - 183*w + 5. Give j(7).
-2
Let q(c) = 80*c**2 - c. What is q(1)?
79
Let m(q) = q**2 - 15*q - 26. Give m(16).
-10
Let f(s) = 27*s**3 + s + 1. Determine f(1).
29
Let b(g) = -g**2 - 22*g - 85. Calculate b(-16).
11
Let g(l) = -l**2 - 14. Calculate g(5).
-39
Let h(s) = -3*s**3 + s**2 + 5*s - 6. Give h(1).
-3
Let x(h) = 2*h - 1. What is x(0)?
-1
Let y(d) = -2*d - 18. Give y(-17).
16
Let y(t) = 66*t + 806. Give y(-12).
14
Let m(c) = -c**3 + c**2 - 37. What is m(0)?
-37
Let f(w) = 32*w + 4. Give f(-2).
-60
Let k(n) = 13*n - 60. Calculate k(6).
18
Let m(p) = 2*p**2 + 29*p + 4. What is m(-14)?
-10
Let n(z) = 28*z + 103. Calculate n(-4).
-9
Let q(b) = -8*b**2 - 145*b - 23. What is q(-18)?
-5
Let v(h) = -68*h**3 + h**2 - h - 1. Calculate v(-1).
69
Let k(b) = b**3 - 11*b**2 - 26*b - 1. Determine k(13).
-1
Let q(i) = 4*i**3 - 1. Give q(1).
3
Let j(g) = -2*g - 22. Give j(0).
-22
Let v(i) = i**3 - 6*i**2 - 6*i - 10. Give v(7).
-3
Let b(i) = i**2 + 12*i - 4. Calculate b(-12).
-4
Let h(t) = -t**3 - 2*t**2 + t - 4. Give h(0).
-4
Let s(n) = -n**2 - 7*n - 2. Calculate s(-5).
8
Let o(m) = -m**2 - 23*m - 25. What is o(-21)?
17
Let l(m) = -2*m**2 + 9*m + 3. Give l(6).
-15
Let x(z) = z**3 + 5*z**2 - 4*z + 12. Calculate x(-6).
0
Let j(x) = -3*x + 10. Determine j(-8).
34
Let b(n) = -n**3 + 12*n**2 + 164*n - 73. Determine b(20).
7
Let w(y) = -y + 1. Give w(7).
-6
Let h(w) = -w**3 - 2*w**2 - 3*w - 6. Determine h(-2).
0
Let x(h) = 4*h + 20. What is x(-8)?
-12
Let y(d) = -d**2 + 6*d + 14. Give y(8).
-2
Let f(n) = -4*n**3 - n**2 - 3*n - 3. Give f(-2).
31
Let m(p) = -p**2 + 6*p. Determine m(8).
-16
Let v(f) = f**3 + 5*f**2 - 10*f - 11. Determine v(-6).
13
Let w(r) = r**2 + r - 15. Calculate w(3).
-3
Let c(b) = -b**2 + b - 1. Give c(4).
-13
Let f(y) = -y**3 + 4*y + 5. Determine f(-2).
5
Let l(c) = 20*c**2 + 11*c + 14. What is l(-2)?
72
Let q(p) = -p**3 + 6*p**2 + 7*p - 9. Give q(7).
-9
Let j(k) = k**2 + 39*k + 336. Give j(-12).
12
Let n(p) = 8*p**3 + p**2 + p + 1. What is n(-1)?
-7
Let a(t) = t + 5. Determine a(-5).
0
Let a(j) = -j**2 + 14*j - 23. What is a(10)?
17
Let y(p) = p**2 - 23*p + 77. What is y(19)?
1
Let n(o) = o**2 + 12*o + 23. Give n(-10).
3
Let z(a) = 30*a + 241. Calculate z(-8).
1
Let h(k) = k**3 - 5*k**2 + 3*k. Determine h(4).
-4
Let h(v) = 2*v**3 + 5*v**2 + 2*v + 2. Calculate h(-2).
2
Let t(x) = 13*x + 393. Calculate t(-31).
-10
Let t(z) = 30*z**2 + 3*z - 3. Calculate t(1).
30
Let p(v) = v**2 + 20. Calculate p(0).
20
Let b(d) = 3*d + 2. Determine b(-6).
-16
Let m(a) = a**3 - 15*a**2 + 13*a - 5. What is m(14)?
-19
Let n(x) = -4*x + 42. Give n(-13).
94
Let t(q) = 5*q - 30. Give t(5).
-5
Let s(t) = -5*t**3 + 8*t**2 - 13*t + 5. Give s(2).
-29
Let g(n) = -n**3 + 2*n**2 + 5*n - 2. Determine g(-3).
28
Let t(j) = 9*j - 40. Give t(6).
14
Let v(y) = 4*y - 40. What is v(12)?
8
Let u(o) 